Let i(u) = -u + 6. Let x be i(8). Let f be ((-40)/(-15))/(x/(-285) - 0). Calculate the highest common factor of f and 152.
76
Let k(j) = -63 + 9*j - 3*j + j**2 - 4*j. Let z be k(9). What is the greatest common divisor of z and 4?
4
Suppose 19 = -3*g + 4, 185 = 2*y - 3*g. Suppose -2*m + y = 199. Let b = -52 - m. What is the greatest common factor of b and 2?
1
Let j(y) = 7*y**2 - 3*y + 4. Let a be j(1). Suppose -a*g = -g - 567. What is the greatest common factor of g and 27?
27
Let w be -17 - (-26 - -13) - (-46)/(-1)*-1. Calculate the greatest common factor of w and 1113.
21
Let d be (-663)/12 - 9/(-36). Let j be 33481/77 + (-10)/d. Calculate the highest common factor of j and 15.
15
Let f = 33420 + -33295. What is the highest common divisor of f and 6725?
25
Suppose 3*z = -58 + 61. Let m be (8/(0 + 4) - 3)/z. Let g be (7/7)/(m/(-15)) + -2. What is the greatest common factor of 169 and g?
13
Let p be (-4)/(-6)*(-72)/(-16). Let d be -210*((196/12)/7 - p). What is the greatest common divisor of 35 and d?
35
Suppose 190*h + 120 = 182*h. Let a(d) = d**3 + 13*d**2 - 33*d - 32. Let x be a(h). What is the highest common divisor of 26 and x?
13
Suppose 101*x - 105067 = 87*x - 11757. What is the highest common divisor of x and 645?
215
Let u be 31602/20 - (516/(-120))/(-43). Calculate the greatest common divisor of u and 60.
20
Suppose 4*r = -4*y + 1140, -91*r = 2*y - 95*r - 588. What is the greatest common factor of 531 and y?
9
Suppose -1247*y + 5425 = -1212*y. Calculate the greatest common factor of 1891 and y.
31
Let m be 7/42 + 383/6. Suppose 20*c - 16*c = m. Let o(i) = 3*i**2 + 3*i + 4. Let v be o(4). What is the highest common factor of c and v?
16
Let n be (-1 - -3)/(-2)*-124. Let p = -36 + n. Calculate the greatest common factor of p and 22.
22
Let d be (-15)/9*90/100 + 19614/12. Calculate the greatest common divisor of d and 230.
23
Let w(l) = -12*l - 7. Let d be w(-1). Suppose 0 = -9*h + 4*h. Suppose d*u - 113 + 23 = h. What is the highest common factor of u and 126?
18
Suppose 16 = 13*p - 23. Suppose 0 = -4*v + v - n + 8, -p*v + 20 = -2*n. Let k(d) = -2*d + 13. Let g be k(v). Calculate the highest common factor of g and 45.
5
Let o = -702066 - -702554. Let p be 181 - (-3)/((-6)/(-4)). Calculate the highest common factor of o and p.
61
Let m(l) = 6*l**2 + 593*l - 60. Let a be m(-99). What is the greatest common divisor of a and 26?
13
Suppose -5*m = -10, -3*g + 824 = -5*m - 123. Let v(h) = 0 + 5*h**2 - 16*h + 12*h + 1. Let f be v(-2). Calculate the highest common divisor of f and g.
29
Let x(r) be the first derivative of -3*r**4/4 - 2*r**3 + 9*r + 47. Let l be x(4). Let n be (4/(-24)*4)/(3/l). Calculate the greatest common divisor of 31 and n.
31
Suppose -10825*s - 52 = -10826*s. Calculate the highest common divisor of 3042 and s.
26
Let q(t) be the second derivative of t**4/4 + 19*t**3/6 + 18*t**2 + 143*t. Let c be q(-6). Calculate the highest common divisor of c and 250.
10
Suppose 8 = g + 39. Let o = g + 30. Let s = o - -45. Calculate the highest common divisor of 4 and s.
4
Suppose 20*t + 19*t - 24*t - 54075 = 0. What is the highest common factor of 35 and t?
35
Suppose -16 = -4*h + a, -21*h + 20 = -16*h - a. Suppose h*u = 9*u - 4*o - 77, -3*u - o + 36 = 0. What is the highest common factor of 26 and u?
13
Suppose n = -2*d + 6, -5*d + 4*n - 32 = -60. Suppose 2*c - 66 = -2. What is the highest common divisor of d and c?
4
Suppose 56*z = 122*z - 82 - 248. Suppose m - 5*m = -140. Calculate the highest common factor of z and m.
5
Let j(l) = -l**2 + 10*l - 14. Let f be j(8). Let t = f + -5. Let w be (-165)/(-22)*(-10)/t. What is the highest common divisor of 50 and w?
25
Suppose -17 = 2*w - 11, 8573 = 2*m + w. Calculate the highest common divisor of m and 96.
32
Let w(c) = 17*c**2 + 115*c - 248. Let b be w(2). Calculate the greatest common factor of 475 and b.
25
Let q be (-1 - (2 + -3)) + (-20)/(-10). Let l(f) = 2*f**2 + f - 7. Let s be l(q). What is the greatest common factor of s and 69?
3
Let q be 2/(-10) + (-661)/(-5). What is the greatest common divisor of q and 352?
44
Suppose 11*a = 27*a + 43*a - 2006. Calculate the highest common factor of 57732 and a.
34
Suppose -4*u = -5*z - 290 + 35, -3*u - z = -215. Let v = 1342 - 1272. What is the highest common factor of u and v?
70
Suppose -3*b - 138 = -1901 - 2389. Calculate the greatest common divisor of b and 56.
8
Let g be (2 - 2107/14)*-2 + (8 - 1). Calculate the greatest common factor of g and 1368.
152
Let p = 454 - 449. Suppose -4*q = -h - 317, h = -4*q + 7*q - 237. Calculate the greatest common divisor of p and q.
5
Let f be (20/(-8) - 3)/(2/(-76)). Let i = f - 187. Calculate the greatest common factor of i and 22.
22
Suppose 5*c = -l + 4*c - 1, 3*l + 2*c = 1. Let m be l*-1 - (-1729)/19. Suppose 8*z = m + 16. What is the highest common divisor of z and 39?
13
Let f(c) = -35*c + 645. Let t be f(18). Calculate the greatest common divisor of 2631 and t.
3
Let f be 11 - (1 - 7/1) - 1. Let v be (f/(-8))/((-800)/395 + 2). What is the greatest common factor of v and 79?
79
Suppose -8*v = -v - 392. Let b be (-18)/(-8) + -2 + 1554/v. What is the greatest common factor of 112 and b?
28
Let m be (-1277)/(-4) - (75/12 + -6). Suppose -4*l + m - 287 = 0. What is the greatest common divisor of l and 24?
8
Let u = 2 + 7. Let i = 756 - 576. What is the greatest common divisor of i and u?
9
Let l = -265 + 140. Let n = l + 155. Calculate the highest common divisor of 200 and n.
10
Let i be 34/10 - (2 + 24/(-15)). Suppose 4*j + 5*g = 249, i*j + 52 = -2*g + 244. Calculate the greatest common divisor of 154 and j.
22
Suppose 67*q - 48*q - 50*q = -1426. Calculate the greatest common factor of q and 16514.
46
Let y = 3077 - 3057. Calculate the highest common divisor of y and 970.
10
Suppose 6*h - 35221 = 9*r - 14*r, -25 = -5*r. What is the highest common divisor of h and 14?
14
Suppose -x + 12 = -2. Suppose -x*g + 3961 - 573 = 0. Suppose 2*y - 3*y = 4*s - 90, 0 = 4*y - 8. What is the highest common divisor of g and s?
22
Suppose 2*o + 5*w = -7, -o - w + 1 = 3*w. Let y(j) = -2*j**3 - 2*j**2 + 105*j + 8. Let q be y(o). Calculate the highest common divisor of q and 19.
19
Let c(h) = -h**3 + 9*h**2 + 13*h - 28. Let x be c(10). Let r be (71/(-213))/(x/(-5214)). Calculate the highest common divisor of 79 and r.
79
Suppose -5*k + 4 = -4*k. Let r be 118/k + (-5)/10 + 2. Let m = r - 1. Calculate the highest common divisor of m and 15.
15
Let v = 612 + -386. Let d be v/10 + 16/40. Suppose -21*c = -22*c + d. Calculate the highest common divisor of c and 253.
23
Let v = 28 + -4. Let m be 9*-4*(-2)/v. Suppose 0 = -5*l + m*x + 20, -l - 3*l - 1 = x. What is the greatest common divisor of 1 and l?
1
Suppose 7*s - 1620 = -3*s. Suppose 0 = -333*d + 334*d - 54. Calculate the highest common factor of s and d.
54
Let t = 2858 + -2696. Calculate the greatest common divisor of 1242 and t.
54
Let h(u) = u + 161. Suppose 0*r = -3*r. Let a be h(r). Let p be 14/1 - (-305 - -296). Calculate the greatest common factor of p and a.
23
Let j be -1 - (15/(-1 - 4) + 6 + -5). Let s = 24 + -17. Let o(u) = 2*u - 9. Let y be o(s). What is the highest common divisor of y and j?
1
Suppose -347 = -28*w + 29*w. Let z = w + 875. Calculate the greatest common factor of 48 and z.
48
Let x be 297/(-4)*1156/(-867). What is the greatest common divisor of 22 and x?
11
Let z(q) = 31*q + 6. Let u be z(4). What is the highest common divisor of u and 630?
10
Suppose 18*i = -13*i - 465. Let h(b) = -11*b - 5. Let f be h(i). Suppose 0 = -3*a + 2*a + 64. Calculate the greatest common factor of a and f.
32
Let f = 2342 - 1130. Calculate the greatest common factor of 2 and f.
2
Suppose 17*f - 26*f + 279 = 0. Suppose -2*z + 97 = f. What is the greatest common divisor of z and 22?
11
Let v be 78/(-9)*135/6. Let i = -123 - v. Suppose -w = -10*w + i. What is the greatest common factor of w and 40?
8
Suppose 2*l - 3*b = 18384, -80*l - 5*b + 45860 = -75*l. What is the highest common divisor of 272 and l?
68
Let s be 2 - (-12)/4 - (-14 - 29). Let n = 1149 + -549. Suppose 0 = -0*r + 5*r - n. What is the highest common divisor of s and r?
24
Let b be (((-545664)/(-72))/16)/((-2)/(-12)). Calculate the greatest common divisor of b and 290.
58
Let z be (9/(-6))/(-3)*2*3. Su